ase 14) to base 15.
-8
Convert 0 (base 7) to base 10.
0
What is 78 (base 14) in base 9?
127
Convert -201 (base 4) to base 5.
-113
What is 14 (base 5) in base 10?
9
What is 61 (base 13) in base 3?
2221
119 (base 10) to base 8
167
12 (base 15) to base 2
10001
What is 44 (base 8) in base 10?
36
What is 184 (base 9) in base 7?
313
-5 (base 16) to base 12
-5
Convert -1 (base 14) to base 6.
-1
What is 100 (base 2) in base 8?
4
What is -11 (base 2) in base 4?
-3
97 (base 11) to base 3
10221
Convert 46 (base 7) to base 4.
202
What is -2 (base 9) in base 10?
-2
10011 (base 2) to base 5
34
Convert 3 (base 8) to base 3.
10
What is 102 (base 3) in base 4?
23
What is 0 (base 4) in base 10?
0
Convert 106 (base 12) to base 13.
b7
What is 2211 (base 4) in base 8?
245
-2 (base 8) to base 15
-2
Convert -2 (base 12) to base 9.
-2
105 (base 7) to base 10
54
Convert 2 (base 15) to base 5.
2
What is -9 (base 11) in base 4?
-21
d (base 14) to base 2
1101
What is 2 (base 13) in base 7?
2
What is -100 (base 2) in base 8?
-4
What is -10 (base 5) in base 3?
-12
What is -2a (base 14) in base 3?
-1102
Convert -37 (base 9) to base 3.
-1021
11 (base 15) to base 14
12
69 (base 12) to base 4
1101
Convert 30 (base 12) to base 4.
210
Convert 15 (base 14) to base 15.
14
21 (base 16) to base 13
27
What is 24 (base 15) in base 7?
46
What is -9 (base 15) in base 9?
-10
44 (base 9) to base 6
104
What is 13 (base 9) in base 14?
c
What is 30 (base 7) in base 13?
18
-2 (base 13) to base 6
-2
Convert 2123 (base 4) to base 9.
182
2 (base 8) to base 5
2
-5 (base 15) to base 12
-5
Convert -200 (base 4) to base 11.
-2a
11 (base 14) to base 4
33
What is -10 (base 8) in base 13?
-8
What is 1 (base 15) in base 10?
1
201 (base 3) to base 7
25
What is 3 (base 15) in base 16?
3
3 (base 10) to base 3
10
What is 3 (base 6) in base 13?
3
What is -3 (base 10) in base 15?
-3
What is -33 (base 6) in base 2?
-10101
Convert -7 (base 15) to base 6.
-11
What is 26 (base 11) in base 15?
1d
What is 1000 (base 3) in base 9?
30
-21 (base 14) to base 7
-41
What is -d (base 16) in base 11?
-12
Convert -200 (base 4) to base 3.
-1012
Convert -2 (base 14) to base 2.
-10
-7 (base 15) to base 2
-111
Convert 19 (base 11) to base 8.
24
What is 0 (base 4) in base 2?
0
What is 56 (base 10) in base 6?
132
-2a (base 13) to base 10
-36
What is -1022 (base 3) in base 11?
-32
What is -1 (base 14) in base 5?
-1
3a (base 12) to base 15
31
-22 (base 3) to base 11
-8
Convert 85 (base 11) to base 15.
63
Convert 6 (base 8) to base 11.
6
Convert 2 (base 5) to base 6.
2
What is -1011 (base 3) in base 16?
-1f
-91 (base 12) to base 2
-1101101
-1 (base 15) to base 8
-1
Convert -12 (base 5) to base 12.
-7
1 (base 16) to base 13
1
Convert -55 (base 12) to base 4.
-1001
What is 12 (base 9) in base 14?
b
37 (base 13) to base 7
64
What is -9 (base 14) in base 9?
-10
What is 30 (base 10) in base 14?
22
What is 46 (base 8) in base 5?
123
37 (base 12) to base 7
61
10 (base 3) to base 10
3
What is 5 (base 8) in base 16?
5
What is 5a (base 11) in base 3?
2102
What is -2 (base 10) in base 11?
-2
What is 8 (base 15) in base 5?
13
-12 (base 4) to base 9
-6
Convert -2 (base 15) to base 4.
-2
What is 0 (base 4) in base 8?
0
What is -67 (base 13) in base 15?
-5a
Convert -3 (base 16) to base 7.
-3
What is -31 (base 4) in base 5?
-23
What is -11 (base 2) in base 13?
-3
-3 (base 7) to base 16
-3
Convert -244 (base 5) to base 15.
-4e
10011 (base 2) to base 6
31
-216 (base 7) to base 11
-a1
Convert -25 (base 8) to base 2.
-10101
-17 (base 13) to base 15
-15
Convert -5 (base 11) to base 14.
-5
What is -104 (base 7) in base 9?
-58
-44 (base 16) to base 8
-104
What is -20 (base 4) in base 9?
-8
What is 12 (base 12) in base 8?
16
Convert -21 (base 3) to base 14.
-7
-34 (base 13) to base 15
-2d
-34 (base 10) to base 6
-54
2 (base 13) to base 16
2
1 (base 7) to base 4
1
What is -3 (base 8) in base 3?
-10
What is -44 (base 6) in base 2?
-11100
Convert 7 (base 9) to base 6.
11
3 (base 8) to base 6
3
3 (base 11) to base 3
10
What is -42 (base 6) in base 11?
-24
What is -3 (base 10) in base 14?
-3
-d (base 15) to base 16
-d
What is 1b (base 15) in base 10?
26
Convert -3 (base 15) to base 9.
-3
What is -11 (base 3) in base 2?
-100
Convert 2 (base 8) to base 5.
2
What is 291 (base 10) in base 12?
203
What is 0 (base 2) in base 8?
0
What is -30 (base 13) in base 3?
-1110
6 (base 8) to base 15
6
What is 553 (base 8) in base 7?
1026
What is 102 (base 3) in base 9?
12
What is 5 (base 12) in base 13?
5
Convert -1 (base 14) to base 6.
-1
What is -15 (base 10) in base 7?
-21
-9 (base 16) to base 4
-21
-86 (base 13) to base 5
-420
What is 2 (base 16) in base 6?
2
Convert 11 (base 8) to base 3.
100
-4 (base 7) to base 12
-4
What is 22 (base 7) in base 13?
13
-21 (base 4) to base 11
-9
-3 (base 16) to base 14
-3
15 (base 14) to base 13
16
-4c (base 14) to base 12
-58
Convert 4 (base 16) to base 9.
4
Convert 1 (base 6) to base 12.
1
Convert 10 (base 10) to base 9.
11
What is 24 (base 6) in base 2?
10000
What is -15 (base 10) in base 8?
-17
-9c (base 16) to base 14
-b2
What is 67 (base 14) in base 13?
70
Convert -2 (base 12) to base 15.
-2
What is 29 (base 11) in base 16?
1f
What is -40 (base 11) in base 13?
-35
Convert -22 (base 9) to base 16.
-14
What is 345 (base 10) in base 11?
294
What is a (base 12) in base 11?
a
27 (base 11) to base 4
131
What is 10000 (base 2) in base 10?
16
Convert 30 (base 6) to base 3.
200
b (base 14) to base 12
b
What is 68 (base 12) in base 9?
88
What is -20 (base 16) in base 13?
-26
Convert 21 (base 5) to base 16.
b
-14 (base 12) to base 4
-100
Convert 7 (base 9) to base 8.
7
Convert 63 (base 13) to base 9.
100
Convert -24 (base 10) to base 13.
-1b
Convert 5 (base 13) to base 14.
5
What is -1000 (base 2) in base 3?
-22
Convert 2 (base 5) to base 13.
2
Convert -2 (base 3) to base 5.
-2
Convert -7 (base 10) to base 12.
-7
Convert -38 (base 10) to base 15.
-28
What is 1 (base 6) in base 12?
1
Convert 122 (base 9) to base 12.
85
What is 1 (base 4) in base 5?
1
Convert -66 (base 14) to base 7.
-156
What is -100200 (base 3) in base 12?
-199
Convert -110000 (base 2) to base 4.
-300
114 (base 5) to base 3
1021
5 (base 8) to base 3
12
0 (base 15) to base 13
0
Convert -10 (base 6) to base 7.
-6
Convert 24 (base 5) to base 14.
10
What is 3 (base 13) in base 7?
3
What is 33 (base 14) in base 10?
45
What is a9 (base 11) in base 6?
315
-14 (base 11) to base 3
-120
Convert -22 (base 4) to base 15.
-a
-12 (base 8) to base 5
-20
-2 (base 4) to base 15
-2
What is 0 (base 4) in base 13?
0
Convert -543 (base 7) to base 15.
-136
-130 (base 10) to base 13
-a0
Convert -100110100 (base 2) to base 12.
-218
What is -1010 (base 3) in base 7?
-42
16 (base 9) to base 11
14
Convert 322 (base 8) to base 2.
11010010
Convert -22 (base 6) to base 8.
-16
What is 363 (base 7) in base 6?
520
Convert -41 (base 7) to base 10.
-29
-25 (base 9) to base 5
-43
1010 (base 4) to base 15
48
Convert 10 (base 2) to base 4.
2
47 (base 16) to base 6
155
What is -13 (base 11) in base 14?
-10
11 (base 2) to base 16
3
Convert -1011 (base 5) to base 16.
-83
-323 (base 5) to base 2
-1011000
Convert 23 (base 6) to base 14.
11
Convert -1 (base 15) to base 13.
-1
Convert 42 (base 16) to base 14.
4a
What is -45 (base 12) in base 16?
-35
23 (base 12) to base 10
27
What is -312 (base 5) in base 16?
-52
-12 (base 11) to base 6
-21
What is -212 (base 3) in base 9?
-25
3 (base 11) to base 14
3
-213 (base 10) to base 6
-553
Convert f (base 16) to base 4.
33
Convert -10 (base 14) to base 15.
-e
-5 (base 7) to base 10
-5
-10201 (base 4) to base 9
-351
Convert -154 (base 6) to base 15.
-4a
Convert -1130 (base 4) to base 9.
-112
Convert -3 (base 15) to base 5.
-3
What is -12 (base 12) in base 8?
-16
Convert -22 (base 4) to base 11.
-a
1000 (base 2) to base 13
8
66 (base 10) to base 5
231
Convert 1 (base 2) to base 12.
1
What is -111 (base 11) in base 6?
-341
Convert -124 (base 8) to base 16.
-54
What is 10 (base 15) in base 4?
33
What is e (base 16) in base 2?
1110
-1 (base 9) to base 14
-1
What is 1 (base 15) in base 14?
1
-4 (base 16) to base 2
-100
What is 1 (base 3) in base 5?
1
What is -3 (base 10) in base 6?
-3
-14 (base 6) to base 14
-a
21 (base 7) to base 14
11
What is -7 (base 8) in base 16?
-7
Convert -